t b = 4968 + -895. Is b composite?
False
Let j(q) = 16*q**2 + 4*q + 1. Suppose 0 = 4*a - 2*u - 2*u + 20, -4*a = u + 25. Is j(a) a prime number?
False
Let z = -13 - -7. Let a be 8/(-12) - 694/z. Let l = 120 + a. Is l a composite number?
True
Let l = 1897 - 1310. Is l a composite number?
False
Suppose b - 830 = -2*h - 3*b, -423 = -h - 4*b. Suppose 5*r + h = 16*r. Is r composite?
False
Let w(k) = -857*k - 94. Is w(-3) a prime number?
True
Let a be (-6)/(-4)*(-8998)/(-33). Is a*(3 + -4 - -2) prime?
True
Let h be -2 - -21 - -1 - 2. Let u(t) be the third derivative of -t**5/60 + 23*t**4/24 - 7*t**3/2 + 69*t**2. Is u(h) a composite number?
True
Let y(p) be the third derivative of p**5/60 - p**4/24 + 11*p**3/6 + 3*p**2. Let f be y(-9). Suppose 26 + f = c. Is c a prime number?
True
Suppose 5*r + 1341 = 4*u, 3*u - 348 = r + 644. Suppose 2*a + u = q, 2*q + 128 - 804 = -2*a. Is q a composite number?
True
Let d be -2*1/2 - -9. Suppose 12*p - d*p - 432 = 0. Suppose 3*v + 3*o = p, o = 2*v + 2*v - 149. Is v composite?
False
Let u = 37 + -35. Is (-58)/(-2)*5/2*u prime?
False
Let m be 1/(-3) + (-40)/(-12). Suppose -2*a - a + 2*n = -9, -3*a - m*n + 24 = 0. Suppose -a*p = 4*z - 417, -2*z + 94 = 3*p - 115. Is z prime?
True
Let t(q) = 148*q**2 - 2*q - 1. Let c(x) be the second derivative of -x**3/6 + 5*x**2/2 + 6*x. Let v be c(6). Is t(v) composite?
False
Suppose 500291 = 2740*g - 2729*g. Is g a prime number?
True
Suppose 6*h - 36 = 6216. Is h a prime number?
False
Suppose -48*g = 13*g - 798185. Is g a composite number?
True
Suppose t = -2*d + 1, -5*d + 0*d = 3*t. Let x be t/(1 + -3 + 3). Is x/((-20)/12) - -206 composite?
True
Suppose 5*j + 184 = -0*q - 3*q, 4*q = 5*j - 257. Let n be 4/14 - 39357/q. Suppose p + 2*h = n, p - 622 = -6*h + 3*h. Is p composite?
False
Suppose -2*t = -7*t + 5, 0 = 5*c - 5*t - 72260. Is c prime?
False
Let p = -14523 + 22654. Is p a prime number?
False
Let x = -44 + 47. Suppose -3*f - x*m + 24681 - 2574 = 0, 3*f - 22107 = -5*m. Is f prime?
True
Let x(n) = n**3 - 6*n**2 + 38*n + 2. Is x(7) composite?
False
Let t be (-217)/(-35) - ((-3)/(-5))/3. Suppose t*q - 3025 = 4097. Is q prime?
True
Let s(j) = 3*j**2 - j. Let g be s(1). Suppose -5*l - 4*i = -18295, -g*i - 15743 = -4*l - 1107. Is l a prime number?
True
Is 34484/(-6)*(-66)/44 prime?
False
Let u = -8 - -6. Let d be 1 - u - (-3 - -2). Suppose 0 = d*s - 3*s - 22. Is s a prime number?
False
Suppose 0 = -4*u, -37*q - 5042 = -39*q - 4*u. Is q composite?
False
Let t be ((-9)/3)/(-5 - -4). Suppose p = 3*u + t*p + 21, 4*u = -5*p - 28. Let g(m) = -m**3 - 6*m**2 + m + 17. Is g(u) a composite number?
False
Let l(r) = 3*r**3 + 21*r**2 + 59*r + 23. Is l(18) a prime number?
False
Let u be (-70)/(-15)*(-223182)/(-21). Suppose 8*h - u = -4*h. Is h prime?
True
Let r(s) = -201*s - 13. Let i be r(-6). Let h = 1738 - i. Let v = h - 76. Is v prime?
False
Suppose 0 = -t - 0*t. Suppose 0 = -t*r + 4*r - 472. Is r a prime number?
False
Let a(b) = -3244*b + 1. Let w be a(-1). Suppose 0 = 5*c - i - w, 632 + 17 = c - i. Is c a composite number?
True
Let o be (-2)/(-12) + 402/(-36). Let c = o - -11. Suppose c = 5*u - 273 - 682. Is u prime?
True
Suppose -3*w = 6*w - 3645. Suppose 3*f = -s + 77, w = 5*s + 3*f + 2*f. Is s prime?
True
Let s be (-8)/(-2) - (-132 - -2). Suppose 139*o - s*o - 110 = 0. Is o a composite number?
True
Suppose x - 8*x = -264341. Is x composite?
True
Suppose 0 = -t - 6 - 32. Is (-4)/t - (-18747)/57 composite?
True
Suppose 5*h - 2*m = -5*m + 9539, -h - 2*m + 1912 = 0. Suppose -13*a + 12*a - h = 0. Let r = a + 2669. Is r a prime number?
False
Suppose 74669 + 116835 = 16*w. Is w a prime number?
True
Suppose 317*y - 311*y - 87546 = 0. Is y composite?
False
Suppose -73104 = 57*y - 105*y. Is y a prime number?
True
Suppose -5*j + 0*j = -3035. Suppose -d + j = -232. Is d a composite number?
False
Suppose -6601 = -5*x - 3*v, -2*v = 4*x - 3*x - 1316. Suppose -6 = 50*o - 52*o. Suppose x + 133 = o*i. Is i a prime number?
False
Let y(v) = -34*v**3 - 3*v**2 - 3*v - 3. Let n(l) = l**3 - l**2. Let i be n(-1). Is y(i) composite?
False
Let h = 20536 - 13125. Is h a prime number?
True
Suppose 0 = -2*o + 7*o + 25. Let q(x) = -x**3 + 7*x**2 - 7*x + 3. Let w(n) = -n**3 + 15*n**2 - 15*n + 7. Let l(y) = o*q(y) + 2*w(y). Is l(4) a prime number?
True
Is 34357624/513 + 14/189 composite?
True
Suppose 4*s - 13192 = -4*c, -5*s - 3*c + 9369 = -7111. Is s a prime number?
False
Let f(k) = k**2 + 5*k + 7. Let s be f(-5). Is ((-3272)/(-3 + s))/(-2) composite?
False
Suppose -3*n - 4*v = -543 - 421, 0 = 3*n - 4*v - 1004. Let d be 4/(-10) - n/5. Let g = d - -153. Is g composite?
True
Let c(q) = -61*q + 1 - 1 + 60*q. Let h(u) = 104*u - 4. Let j(i) = -5*c(i) + h(i). Is j(2) composite?
True
Let v = 286470 + -166615. Is v composite?
True
Suppose -4*w = 2*w. Suppose -4*h + h = -3*a - 54, w = 2*h + 3*a - 51. Is h a composite number?
True
Let v = -16 + 18. Let n = v + 77. Is n composite?
False
Let n be -24 + (1 + -4 - -4). Let t = -20 - n. Suppose q - 764 = -t*q. Is q a prime number?
True
Let p = 26112 - 14257. Is p a composite number?
True
Let y be 24 - 0/4 - 4. Let x = y + 13. Is x a composite number?
True
Let i = 2543 + -1783. Let p = i + -313. Is p a prime number?
False
Suppose -7*f = -0*f + 49. Is f*3*(-25)/15 composite?
True
Is ((-66162)/(-9))/(60/90) composite?
False
Let x = -8 - -13. Suppose -z + 0*i + 43 = i, -20 = -x*i. Is z a composite number?
True
Suppose 2*k + 20 + 8 = 0. Let b(g) = g**3 + 15*g**2 + 15*g + 16. Let j be b(k). Is (j - (-5)/(-3))*363 prime?
False
Let o be 1/(-3)*(-3902 + -1). Suppose -4*b - 2*s = -2046, 1264 + o = 5*b + s. Suppose -z + 235 = -4*w, 3*z + w = 152 + b. Is z prime?
True
Let r = 793 - -318. Is r a composite number?
True
Is (2/2)/((-4)/(44292/(-3))) composite?
False
Suppose 0*f + 2*f = 0. Suppose 0*u + u + 214 = f. Let o = u + 327. Is o composite?
False
Is (-3418)/(-1)*((-350)/28 + 13) a composite number?
False
Suppose 0 = -4*u + l + 153409, 0 = -2*l - 9 - 1. Is u composite?
False
Let a be (-4 - 2)/(((-8)/3)/4). Is (-223)/(2 - 21/a) a composite number?
True
Let v = -170 + 285. Is v prime?
False
Let b = 8677 - -5104. Is b a composite number?
False
Suppose -3*w - 1914 + 8775 = 0. Let m = w - 764. Is m prime?
True
Let x = -11 + 11. Let f(y) = 16*y - 2 + 6*y + x*y + 3*y. Is f(5) composite?
True
Suppose -3*b + 4*w + 25 = 0, -3*b + 2*w = -b - 14. Suppose -103 = -x - 3*p, b*p - 199 = -3*x + 86. Is x prime?
False
Suppose -5*x = l - 55731, -205*l - x + 55739 = -204*l. Is l prime?
False
Suppose 3 = u, 3*a = 4*u - 2*u + 18. Suppose -a*q - 3836 = -17716. Is q a prime number?
False
Suppose 20 = i + 4*i. Let p be 9/i + (-5)/20. Suppose d = p*d - 307. Is d composite?
False
Let h = -22518 + 39167. Is h prime?
True
Suppose 2*a - 3857 = -r, -4*a - 5*r = -6*a + 3887. Is a a composite number?
False
Let p(s) = -11*s - 13 - 12 + s**2 - 8*s - 14. Is p(-22) composite?
False
Let g = 131 - -12020. Suppose g = -2*t + 7*t + 2*f, -t = -5*f - 2414. Is t a composite number?
True
Let y(k) = -98*k - 1. Let p(j) = 2*j**2 + 5*j + 1. Let o be p(-4). Let v = -14 + o. Is y(v) prime?
True
Let i = -171 - -229. Let r(n) = -7*n**2 + n + 1. Let h be r(2). Let p = i + h. Is p a composite number?
True
Let c be 24/(-9)*8055/(-10). Is (c/(-24))/(1/(-2)) a prime number?
True
Is (-4 - 55/(-10))*(-110310)/(-9) composite?
True
Suppose -57*k + 326882 = -636931. Is k a composite number?
True
Let g(i) = -131*i**3 - 6*i**2 + 12*i + 17. Is g(-4) composite?
True
Suppose 2*v - 1245 = -81. Let b = 883 - v. Is b prime?
False
Let c(m) = -2*m + 8. Let i be c(-5). Suppose 0 = -2*b + 2*u - i, -b - 18 = 3*b + 5*u. Let l(h) = -2*h**3 - 11*h**2 - 6*h - 2. Is l(b) composite?
True
Let t(h) = 20*h**2 + 1. Let j be t(1). Suppose -4*b - j = 23. Let s = 36 + b. Is s a composite number?
True
Suppose -441*i + 453*i = 275244. Is i composite?
False
Suppose 4*w + 6 - 57 = -t, 0 = -5*t + 4*w + 351. Is t a prime number?
True
Let q be (-1 - 1) + 2 - 7. Let b be (-90)/(-4) - q/(-14). Is (-674)/(-6) + b/33 composite?
False
Suppose v + 114 = 337. Is v a prime number?
True
Let j(g) = g + 6. Let s be j(-4). Is (41/s + 3/6)*1 composite?
True
Suppose 5*m + 5*l + 45 = 0, -3*m + 9*l = 4*l - 5. Let a(i) = -24*i - 7. Is a(m) a composite number?
False
Let v(n) = -n**3 + 14*n**2 - 12*n - 23